Is 127968 a multiple of 32?
True
Is 205776 a multiple of 48?
True
Does 21 divide 56385?
True
Is 190 a factor of 2443970?
True
Is 12 a factor of 267012?
True
Is 426 a factor of 359074?
False
Is 13 a factor of 1983028?
False
Does 223 divide 109493?
True
Is 4984980 a multiple of 660?
True
Is 177520 a multiple of 7?
True
Is 15 a factor of 564326?
False
Is 11 a factor of 628963?
False
Is 14 a factor of 108906?
True
Is 16 a factor of 25185?
False
Is 43 a factor of 69981?
False
Is 3584010 a multiple of 10?
True
Does 124 divide 61008?
True
Does 2 divide 146046?
True
Does 567 divide 844373?
False
Is 855 a factor of 7935255?
True
Does 46 divide 290927?
False
Is 21 a factor of 29083?
False
Is 3998904 a multiple of 56?
True
Is 13 a factor of 469963?
True
Is 21 a factor of 4042199?
False
Does 11 divide 10902617?
True
Is 38 a factor of 51946?
True
Does 82 divide 1423438?
True
Is 281 a factor of 1025650?
True
Is 1177381 a multiple of 89?
True
Is 214 a factor of 216747?
False
Is 13359 a multiple of 73?
True
Is 1082443 a multiple of 4?
False
Is 4168821 a multiple of 319?
False
Is 15 a factor of 61695?
True
Is 2116275 a multiple of 29?
True
Is 26 a factor of 3099653?
False
Does 61 divide 6151423?
True
Does 24 divide 68285?
False
Is 92 a factor of 1375691?
False
Is 71208 a multiple of 8?
True
Does 17 divide 59364?
True
Is 38 a factor of 16894648?
True
Is 15994174 a multiple of 1278?
False
Is 18 a factor of 387163?
False
Does 10 divide 36310?
True
Does 132 divide 21292920?
True
Is 196048 a multiple of 16?
True
Is 21518963 a multiple of 99?
False
Is 231 a factor of 1389762?
False
Is 127 a factor of 1557147?
True
Is 2542417 a multiple of 62?
False
Does 42 divide 35406?
True
Does 148 divide 7379132?
True
Is 43 a factor of 161981?
True
Is 29980 a multiple of 2?
True
Is 82 a factor of 578874?
False
Is 273 a factor of 306692?
False
Is 78831 a multiple of 461?
True
Is 2981303 a multiple of 11?
False
Is 691308 a multiple of 108?
True
Is 235941 a multiple of 31?
True
Does 908 divide 12987124?
True
Is 7162 a multiple of 75?
False
Is 358 a factor of 948795?
False
Is 38 a factor of 95494?
True
Is 435 a factor of 42853?
False
Does 72 divide 3781142?
False
Is 41 a factor of 612453?
False
Is 3 a factor of 618203?
False
Is 151843 a multiple of 4?
False
Is 128622 a multiple of 139?
False
Does 25 divide 1059475?
True
Does 758 divide 2271897?
False
Is 1036 a factor of 9392311?
False
Does 62 divide 18250076?
False
Is 141 a factor of 12675894?
False
Does 19 divide 12255?
True
Does 16 divide 3587612?
False
Is 523986 a multiple of 23?
True
Does 391 divide 329758?
False
Is 2405843 a multiple of 26?
False
Is 63 a factor of 122724?
True
Does 26 divide 97485?
False
Is 623370 a multiple of 14?
False
Does 3 divide 186953?
False
Is 15 a factor of 2088559?
False
Does 6 divide 324357?
False
Is 1749065 a multiple of 167?
False
Does 35 divide 868945?
True
Does 203 divide 1868615?
True
Is 4 a factor of 842936?
True
Does 366 divide 283650?
True
Is 14 a factor of 3803416?
False
Is 9 a factor of 226850?
False
Does 255 divide 5682685?
False
Is 124630 a multiple of 288?
False
Is 19 a factor of 57209?
True
Does 25 divide 1323949?
False
Is 9 a factor of 160867?
False
Is 31 a factor of 254851?
True
Is 274113 a multiple of 63?
True
Is 114 a factor of 32604114?
True
Is 4 a factor of 188113?
False
Does 4 divide 491869?
False
Is 803320 a multiple of 32?
False
Is 867396 a multiple of 41?
True
Is 128318 a multiple of 83?
True
Does 3 divide 1022?
False
Does 199 divide 35002503?
False
Is 734184 a multiple of 99?
True
Is 125 a factor of 241506?
False
Is 1080507 a multiple of 9?
False
Is 86499 a multiple of 21?
True
Does 721 divide 630875?
True
Is 2465947 a multiple of 11?
True
Does 388 divide 1522489?
False
Is 24250 a multiple of 124?
False
Is 87 a factor of 319377?
True
Does 178 divide 199363?
False
Does 101 divide 165401?
False
Is 16 a factor of 385328?
True
Does 39 divide 213915?
True
Is 66 a factor of 4600554?
False
Does 43 divide 19651?
True
Does 827 divide 721971?
True
Is 62 a factor of 84878?
True
Does 44 divide 5704502?
False
Does 45 divide 3533175?
True
Is 351 a factor of 48438?
True
Does 475 divide 5006127?
False
Does 39 divide 741?
True
Is 316221 a multiple of 41?
False
Is 35 a factor of 280996?
False
Is 93 a factor of 14618722?
False
Is 16 a factor of 18023301?
False
Is 1954983 a multiple of 825?
False
Does 82 divide 131848?
False
Is 185150 a multiple of 8?
False
Is 2873289 a multiple of 625?
False
Does 6 divide 1053677?
False
Does 121 divide 49811?
False
Is 42 a factor of 105336?
True
Does 2010 divide 985407?
False
Does 94 divide 72893?
False
Is 1146 a factor of 816074?
False
Does 30 divide 43334?
False
Is 23600 a multiple of 200?
True
Is 2109711 a multiple of 9?
False
Is 89560 a multiple of 105?
False
Does 8 divide 5370514?
False
Is 38 a factor of 12751052?
True
Is 103587 a multiple of 474?
False
Is 4338327 a multiple of 133?
True
Is 269919 a multiple of 9?
True
Is 105 a factor of 4155270?
True
Is 868320 a multiple of 39?
False
Does 134 divide 965202?
True
Is 85 a factor of 562954?
False
Is 17 a factor of 33473?
True
Is 7371771 a multiple of 1574?
False
Is 6176456 a multiple of 143?
True
Is 66883 a multiple of 17?
False
Does 19 divide 225556?
False
Is 12 a factor of 6877468?
False
Does 4 divide 207865?
False
Is 112075 a multiple of 25?
True
Is 651683 a multiple of 53?
False
Is 102 a factor of 336906?
True
Is 49428 a multiple of 68?
False
Is 276610 a multiple of 398?
True
Is 31769 even?
False
Does 107 divide 202767?
False
Is 373 a factor of 231260?
True
Is 100477 a multiple of 131?
True
Is 5622819 a multiple of 1579?
True
Is 2758206 a multiple of 66?
True
Is 36 a factor of 56561?
False
Does 8 divide 12952?
True
Is 93 a factor of 1533906?
False
Is 3 a factor of 1588165?
False
Does 436 divide 2450089?
False
Is 8 a factor of 825088?
True
Does 6 divide 56922?
True
Does 421 divide 13261743?
False
Is 991 a factor of 269206?
False
Is 8877869 a multiple of 539?
True
Does 135 divide 223965?
True
Is 141 a factor of 128310?
True
Is 48 a factor of 2916035?
False
Is 127504 a multiple of 7?
False
Does 22 divide 1270192?
True
Is 2540369 a multiple of 13?
True
Does 19 divide 1076977?
True
Is 450 a factor of 56478?
False
Is 480133 a multiple of 791?
False
Does 117 divide 1795833?
True
Is 254 a factor of 160993?
False
Is 495640 a multiple of 13?
False
Does 10 divide 1259840?
True
Does 42 divide 625550?
False
Is 94 a factor of 277519?
False
Does 96 divide 377050?
False
Is 211 a factor of 558319?
False
Is 624536 a multiple of 11?
True
Is 717 a factor of 6033601?
False
Does 128 divide 11330560?
True
Is 12 a factor of 1877706?
False
Does 88 divide 215688?
True
Is 192826 a multiple of 12?
False
Does 51 divide 4996164?
True
Does 192 divide 486912?
True
Is 43 a factor of 105047?
False
Is 261598 a multiple of 105?
False
Is 203903 a multiple of 98?
False
Is 13 a factor of 3183323?
True
Is 4643671 a multiple of 12?
False
Does 23 divide 96148?
False
Is 130 a factor of 5324408?
False
Is 1000780 a multiple of 17?
False
Is 284472 a multiple of 324?
True
Does 141 divide 3957652?
False
Does 7 divide 2068444?
True
Is 106 a factor of 3108662?
True
Is 12276 a multiple of 12?
True
Does 234 divide 5893041?
False
Does 211 divide 140940?
False
Is 91 a factor of 30212?
True
Does 32 divide 211200?
True
Is 605166 a multiple of 34?
True
Is 103 a factor of 46083?
False
Does 195 divide 154496?
False
Is 1912338 a multiple of 146?
False
Does 20 divide 133364?
False
Does 345 divide 7654773?
False
Does 83 divide 1113860?
True
Is 121727 a multiple of 40?
False
Does 478 divide 4481728?
True
Is 685433 a multiple of 69?
False
Is 92 a factor of 415840?
True
Is 8 a factor of 216870?
False
Is 5 a factor of 360180?
True
Is 31 a factor of 488622?
True
Is 366112 a multiple of 16?
True
Does 463 divide 3049318?
True
Is 96347 a multiple of 15?
False
Is 6274593 a multiple of 46?
False
Does 136 divide 422416?
True
Does 15 divide 62409?
False
Is 4 a factor of 228791?
False
Does 46 divide 131376?
True
Does 1376 divide 8582112?
True
Does 3 divide 1139?
False
Does 54 divide 47866?
False
Is 1096542 a multiple of 9?
True
Does 51 divide 158418?
False
Is 177650 a multiple of 323?
True
Does 485 divide 11048245?
False
Does 70 divide 128979?
False
Is 8 a factor of 1680736